er when z is divided by l.
14
Let p = -22264 - -24976. Calculate the remainder when p is divided by 28.
24
Let v(q) = 5*q**2 - 23*q - 20. What is the remainder when (2/2)/(3/351) is divided by v(-1)?
5
Suppose 0 = 3*a + 5*d - 146, 0*a - 4*a + 5*d = -183. Suppose b + 5*v - a = 0, 3*b - 7*v + 8*v = 71. Calculate the remainder when b is divided by 6.
4
Suppose 5*w + 61 = -4*v, 3*w - 8 + 31 = v. Let a(q) = q**2 - 30*q + 42. Let x be a(28). Let d = w - x. Calculate the remainder when 17 is divided by d.
2
What is the remainder when 636 is divided by 1/(18/126) + (17 - (2 - 1))?
15
Let r(v) = -2*v - 7. Let j = -20 + 16. Let y = j - 7. Calculate the remainder when 73 is divided by r(y).
13
Suppose 0 = 6*s - 0 - 30. Suppose -v - 7 = -4, v = -s*n + 27. Calculate the remainder when 6 is divided by n.
0
Let m(l) be the second derivative of -26*l**3/3 - 23*l**2 + 14*l. Calculate the remainder when m(-9) is divided by 47.
46
Let o = -21671 + 21935. Calculate the remainder when 17420 is divided by o.
260
Let a(q) = 158*q - 18. Let o(c) = -3*c - 1. Let t(n) = -a(n) - 12*o(n). Calculate the remainder when t(-6) is divided by 17.
14
Let l = -358 + 363. Suppose z - 3*w = 89 + 8, 5*z - l*w = 475. What is the remainder when z is divided by 4/14 - (-1328)/56?
22
Let l = -260 - -263. Calculate the remainder when (-6)/(l - (-5 - (-387)/48)) is divided by 11.
8
Suppose r = -h + 33, 0 = -7*h + 4*h + 2*r + 74. Suppose -22*y - 78 = -h*y. Calculate the remainder when 114 is divided by y.
10
Let r(m) = m**3 + 36*m**2 - 81*m - 99. Let k be (-12)/(-14) + (-1904)/49. Calculate the remainder when r(k) is divided by 56.
35
Let r(n) = 2*n**2 + 38*n - 95. Let x be r(-20). Suppose -j - 2 + 10 = 0. Calculate the remainder when 0 - x - 3 - (1 + 5) is divided by j.
6
Let p be ((-3)/(-6))/((-2)/12). Suppose 82 = 5*w - 198. What is the remainder when -2 + 6 + (p - 321)/(-2) is divided by w?
54
Suppose 0 = -m - 6*m. Suppose 4*z + 12 = 4*c, m = c + z + 3 - 0. Suppose -g = -c*g, h = -g + 71. Calculate the remainder when h is divided by 18.
17
Let r = -7553 - -7604. Calculate the remainder when 485 is divided by r.
26
Let o(u) = -38*u**3 + u**2 + u + 1. Let v = 8 - 21. Calculate the remainder when o(-1) is divided by 2 - (v - (0 + 0)).
9
Let g(u) = -u**2 - 56*u + 2311. Let j = -21 - -55. Let k = 11 + j. What is the remainder when g(26) is divided by k?
44
Suppose 0 = -6*t + 3*x + 165, t - 3*x - 5 = 2*x. Calculate the remainder when t is divided by 12.
6
Let q = 37384 + -37314. What is the remainder when 376 is divided by q?
26
Let l(m) = 49*m**2 - 4*m - 3. Let k be l(-2). Let c be 4 - (-2 + 3 + k). Let r = c - -291. Calculate the remainder when r is divided by 16.
13
Let p(r) = 3*r**3 + r**2 - r - 1. Let o(b) = -14*b**3 + 7*b**2 + 25*b - 8. Let k(t) = -o(t) - 5*p(t). What is the remainder when 62 is divided by k(-10)?
10
What is the remainder when (0 + 2 + -88)/((-74)/1332) is divided by 396?
360
Suppose -5*q + 481 = 2*n, 6*q - 2*q = 5*n + 365. Suppose q = 2*z + 5*j, 137 = 3*z + 9*j - 7*j. Calculate the remainder when z is divided by 13.
6
Suppose 1140 = 21*s - 27*s. Let d = 243 + s. Calculate the remainder when 103 is divided by d.
50
Suppose 118 - 602 = 4*l. Let v = -30 + l. Let k = v - -158. What is the remainder when 9 is divided by k?
2
Calculate the remainder when 2/5*(2 - -4458) is divided by 593.
5
Suppose 0 = 3*x + 3*x + 72. Calculate the remainder when 263 is divided by (-28)/x*(3 - -36).
81
Let k be 3/2 - 3/(-2). Suppose 0 = k*h + 2 - 149. What is the remainder when h is divided by 360/21 - (-1)/(-7)?
15
Suppose 17*f - 17 = 0, -6*j - 1240 = -9*j + 2*f. Calculate the remainder when j is divided by 15.
9
Suppose -2*d - d = -141. Calculate the remainder when d is divided by -3 + 8 + 20 + 4.
18
Suppose 0 = -w + 4*p + 153, 642 = 3*w + w - p. Let f = -15426 + 15467. What is the remainder when w is divided by f?
38
What is the remainder when 1901 is divided by ((-14)/(-8) + -1)/(21/112)?
1
Let k(l) = -l**3 + l**2 + 2*l - 18. Let m be k(-6). Let u = m - 205. What is the remainder when 63 is divided by u?
12
Suppose 0 = 4*s - 3*b + 402, -4*s = -0*s - 4*b + 404. Let f be (0 - 14/(-6)) + (-66)/s. Let u(o) = o + 12. Calculate the remainder when u(f) is divided by 8.
7
Suppose -44 - 635 = -7*c. Suppose 111 = 3*j + 96. What is the remainder when c is divided by j?
2
Let w(n) be the third derivative of 0 + 0*n**4 + 0*n + 11/40*n**6 + 1/60*n**5 - n**2 - 1/6*n**3. Calculate the remainder when w(1) is divided by 18.
15
Suppose -7 = -b + 3*b - m, 0 = -5*b - 2*m + 5. Let j be (-26)/b + (-1 - -2) + 0. Suppose -43 = -5*p + j. What is the remainder when p is divided by 6?
2
Let y = 11906 - 11727. Calculate the remainder when 17540 is divided by y.
177
Let f = -30384 + 31241. What is the remainder when f is divided by 123?
119
Let u = -213 - -218. Suppose -4*r + 9*r + 90 = 5*m, u*m = 3*r + 80. Calculate the remainder when m is divided by 9.
4
Let r = -33 - -110. Suppose -z - 5*n + 262 = 0, 4*z - 1111 = 3*n - 2*n. Let s = z + -264. What is the remainder when r is divided by s?
12
Suppose -22*u - 30*u = -86164. Calculate the remainder when u is divided by 56.
33
Let g be -6 + 3 + 1 + 41. Let j be 74/26 + 4 + (-150)/g. What is the remainder when 62 is divided by ((-17)/j)/(2/(-6))?
11
Suppose -201*f + 1512 = -180*f. Calculate the remainder when f is divided by 40.
32
Let o(f) = f**2 - 7*f - 23. Let b be o(10). Let c be (b*15/10)/((-2)/(-4)). Suppose -w = 2*w - c. Calculate the remainder when 27 is divided by w.
6
Suppose 3 = 3*l, 30*f + 4*l - 392 = 26*f. Suppose y - 18 = 21. What is the remainder when f is divided by y?
19
Suppose -139*c + 144*c - 45 = 0. Suppose -39*l = -c*l - 5430. Calculate the remainder when l is divided by 11.
5
Suppose 2*j - 159 = -3*v, -22*v - 195 = -25*v + 4*j. Calculate the remainder when v is divided by 2 - (3/(-3) + -13).
9
Let p be 4 + -7 - (4/(-2) + -3). Suppose -p*j = -405 + 71. What is the remainder when j is divided by 43?
38
Let n = 2253 + -2238. Calculate the remainder when 919 is divided by n.
4
Let j(u) = u**2 + 115*u + 1339. Calculate the remainder when 767 is divided by j(-13).
0
Let j(w) = 21*w + 129. Let z be j(-6). Let s(p) = 3*p**2 - 7 - p**2 - 3*p + 4*p. What is the remainder when 54 is divided by s(z)?
12
Let x(b) = -b**3 + 7*b**2 + b + 46. What is the remainder when 3695 is divided by x(6)?
87
Let r(y) = -11*y - 6. Let q be r(-1). Suppose -11*z = q*z - 1008. What is the remainder when z is divided by 20?
3
Let m(r) be the first derivative of -r**4/4 + 4*r**3 - 11*r**2 - 4*r + 310. Suppose -3*j = -2*j - 9. What is the remainder when 245 is divided by m(j)?
40
Suppose -5*k + 4*q = -1046, -97*k + 94*k = -5*q - 625. Calculate the remainder when 445 is divided by k.
25
Let u = 18676 - 18573. Calculate the remainder when u is divided by 33.
4
Let k = 37 + -29. Suppose -p + 93 = -5*n - 27, 3*n = 3. What is the remainder when p is divided by k?
5
Let a(l) = -l**3 + 86*l**2 - 380*l - 1189. What is the remainder when a(80) is divided by 9?
7
Let i = 66 - -9. Let w = -2731 + 2877. What is the remainder when w is divided by i?
71
Suppose 32*g - 98*g = -1122. Calculate the remainder when 1440 is divided by g.
12
Suppose -3*d = -8*d - 10. Let z be d/3 + (-266)/6. Let t = -7 - z. What is the remainder when 110 is divided by t?
34
Let s = 1598 - 1554. What is the remainder when 1245 is divided by s?
13
Suppose -2*o = l + 2, 3*o - 3*l + 3 = -5*l. What is the remainder when 40 is divided by o*16*(-3 - -8)/(-5)?
8
Suppose 12*u = 474 + 438. Suppose -2*s = 2*n - u, -3*n + 164 = 4*s - 2*n. Calculate the remainder when 251 is divided by s.
41
Suppose -4*h + 3*u + 93 = -209, -366 = -5*h - 2*u. Let q = h + 71. Let m = q + -86. What is the remainder when m is divided by 31?
28
Suppose q - 6*y - 17 = -2*y, -2*q - 2*y + 4 = 0. Suppose b + q*s = 126, 3*s + 39 = -2*b + 305. What is the remainder when b is divided by 36?
28
Suppose 2*r = -2*i - 13 + 257, 3*r - 366 = -2*i. Let p be (-14)/14*0/2. Suppose -11*m + r - 1 = p. What is the remainder when 21 is divided by m?
10
Let z = -266 - -319. Calculate the remainder when z is divided by 6/(-2) - (-4)/(-8)*-14.
1
Suppose -14*u + 38*u = 264. Suppose 5*v - 2*k = 1190, 6*v = u*v + 3*k - 1215. Calculate the remainder when v is divided by 50.